8
20
Calculate 1 + -2 + (-5 - 0) + (0 - -11).
5
What is 11 - -1 - 49 - (4 - 16)?
-25
Evaluate 9 - 54 - -26 - -44.
25
Calculate 10 - 2 - ((16 - -10) + 3).
-21
9 + -5 + (-1 - (0 + 2))
1
What is the value of -2 - (-2 + 8 - (-5 - -20))?
7
What is the value of -1 + (8 - -1) - (13 - 8)?
3
Calculate 12 + 5 - -11 - 6.
22
Evaluate (-1 - (-6 - -4)) + 2 + -2.
1
Evaluate -15 + 0 - (306 - 311).
-10
What is (56 - 18) + -29 - (7 + 0)?
2
Evaluate (2 - (1 - (1 + -8))) + -1.
-7
What is the value of -2 + (1 - -8) + -6 + -16 + 6?
-9
Evaluate -5 - ((-8 - -17) + -2) - -1.
-11
-11 - (-22 - (0 - -2))
13
(86 - 98) + -2 + 26
12
12 + -1 + -9 + -5 + -11 - -6
-8
Calculate 5 + 8 + (-3 - 0) - 7.
3
Evaluate 8 + (-12 - -8) + -40 + 14.
-22
11 - (7 + -1 + -7 - 5)
17
What is the value of 21 - (-7 - -20) - 0?
8
What is -6 - (-17 + 3) - (5 + 0)?
3
Calculate -7 - 1 - (38 - 55).
9
(3 - 3) + 0 + -2 - -11 - 3
6
Calculate 5 - (-7 + 9 + -3 + 4).
2
Calculate -5 + (7 + (-8 - -8) - 16).
-14
What is the value of -3 - (7 + (4 + 11 - 5 - 4))?
-16
Evaluate 19 + 22 + -54 + 20.
7
What is the value of 6 + 4 + -13 - (-3 - 7)?
7
What is the value of 12 - -1 - -1 - (2180 + -2171)?
5
Evaluate -23 + 4 + (-11 - -20).
-10
Evaluate 7 - 13 - (-8 - -3) - (-5 - 1).
5
What is the value of -13 + 15 + 1 + (1 - 2) + 2?
4
Calculate 6 - (14 + -6 + -16).
14
Calculate 10 + -18 + -6 + 3.
-11
Calculate (1 - (18 + -7)) + 6 + 12 + 1.
9
What is 104 + -96 - (5 + -1) - (-13 - -2)?
15
-19 + 12 + -2 - (-3 + -3)
-3
Evaluate (14 - (0 - -5)) + -72 + 65.
2
What is the value of -17 + 18 + (5 - 8)?
-2
Calculate 1 + (0 + -1 - (5 + (-16 - -15))).
-4
Evaluate (-42 - -35) + (10 - 2) + -8 + 0.
-7
Calculate (1 - (3 - -2)) + 59 + -76.
-21
What is the value of 1 - (-20 + 11 - -7)?
3
Evaluate -275 - -263 - (-1 + 2 - -1).
-14
(13 - 17) + 14 + 0 + -5 + 2
7
Calculate (-11 - -2) + (40 - 56) - -9.
-16
Calculate 5 - 6 - (5 + -5) - (2 + -2).
-1
What is 10 - (16 - (19 + -6)) - (-6 - -41)?
-28
Evaluate -11 + -5 + 7 + 8 + 4.
3
Evaluate 8 + (7 - 8) + (-78 - -62).
-9
Calculate (-177 - -206) + (3 + -2 - 6) - -4.
28
What is the value of -24 + 49 + -8 + -2 + -10?
5
-12 + -2 + (-105 - -108)
-11
What is the value of 73 - 49 - (9 - 1) - (1 + 3)?
12
What is 34 - (6 + -4 + -3 + 11)?
24
Calculate -15 - 2 - (-23 + 0).
6
Calculate (1 - 2 - 2) + 105 + -86.
16
Calculate -12 + 24 + -15 + 1 + 1 + -3.
-4
Evaluate (-13 - -1) + -619 + 641.
10
What is the value of -124 - -134 - (-3 + 0 + (3 - -1))?
9
4 + 20 + -25 - -1
0
Evaluate -1 + 10 - ((5 - (1 + 21)) + 17).
9
7 + 1 + (2 - 7) + -46 + 28
-15
What is the value of -6 - ((-1 - 1) + -3 - -11) - -1?
-11
-10 + 2 + -1 + 2 - (330 - 348)
11
What is (-8 + -5 - 1) + 19?
5
(-19 - 31) + 8 - -32
-10
17 + -26 + (13 - 6)
-2
What is -12 - -22 - -2 - (3 + -2)?
11
Evaluate 14 - -3 - -9 - 3.
23
-8 - (0 + -12) - -1
5
Calculate 0 + -6 + 7 + -10 + -8.
-17
Evaluate 29 + (15 - 26) + 20 + (-7 - 0).
31
Calculate -1 + -24 + 37 + -62 + 45.
-5
-13 - (-28 + 13 + 4 + 17)
-19
Calculate (-5 - (-10 - -3)) + (0 - 0).
2
Calculate 7 + 0 + -19 + 28 + 7 + -15.
8
What is the value of (23 - 28) + -10 + -12?
-27
Evaluate 12 - -1 - (-193 + 205).
1
Calculate 4 + -34 + (-1 - (-18 + 14)).
-27
Evaluate -2 + 0 + 51 + -60.
-11
Calculate 1 + -1 + -7 + (-13 - (-24 + 9)).
-5
What is 3 + 8 + (7 - (23 - 6))?
1
What is 1477 + -1471 - (0 + 0 + 20)?
-14
Evaluate (-6 - 12) + (2 + 1 - 11).
-26
Calculate -3 - (-10 + (3 - 1) - -12).
-7
11 + -22 - (-5 - 0) - (3 - -10)
-19
Evaluate 3 + (9 - (6 + -3 - -6 - 26)).
29
What is 30 + 2 + -13 + -5?
14
Calculate -6 - -10 - ((4 - -4) + -27 + 0).
23
-93 + 85 + 9 + 1 - (8 - 0)
-6
Calculate (4 - 11) + 9 - (-6 + 9 + -5).
4
What is the value of (2 - -6) + (-1 - 18) + 2?
-9
What is the value of -1 + 14 + (-16 - -2 - (-139 + 124))?
14
What is the value of (-3 - -23) + (0 - (-9 + 11 + 2))?
16
What is 7 - (-17 + (27 - 24))?
21
7 + -18 + 7 + -2 + 7
1
What is 6 + -4 + -6 - (-3 - (-2 - 2))?
-5
What is 2 + (-1 - 8) - -5 - -6?
4
-15 - (26 + 21) - -36
-26
What is (-15 - (16 - 22)) + (0 - -22)?
13
Evaluate (-1 - 7) + (-3 + 13 + -13 - 4).
-15
Evaluate 15 + (-21 - 9) + (1 - -3).
-11
-4 + 0 + (0 + (13 - 8) - 8)
-7
Calculate -12 + 1 - ((6 - 13 - -5) + -6).
-3
What is the value of (-4 + 7 + -10 - 2) + -15 + 9?
-15
What is the value of -10 - -6 - -1 - (10 - 2)?
-11
What is the value of 8 + -45 + 34 - (2 - 2 - 29)?
26
What is -173 - -161 - (4 + 0)?
-16
What is the value of 35 - 26 - (1 - -6)?
2
What is the value of (8 - (2 - -5) - 8) + 27 + -4?
16
What is the value of (-19 - (-2 + -7)) + -4?
-14
(7 - -9) + 31 + -26 + -62
-41
What is the value of -9 - -17 - -41 - 20?
29
(-4 - (21 + -5)) + 9 + -1
-12
What is -4 - (2 + (-7 - -8 - -6))?
-13
14 + -60 + 20 - (4 + -1 + -1)
-28
Evaluate -69 + 64 + (-6 + -5 - -1).
-15
Evaluate (60 - 56) + (14 + 0 - 1) - -1.
18
1 - 1 - (-217 + 215)
2
Calculate 0 + -3 + (-7 - -17) - -3.
10
What is the value of -16 + 0 + (19 + -32 - 0 - -17)?
-12
What is the value of 7 - (-5 + 7 + -10 + 0 + 1)?
14
What is 26 + -8 + 3 + -2 + -2?
17
Evaluate 3 - ((-12 - -10) + -1).
6
Calculate 11 - (8 + -1) - -3 - (-1 + 0).
8
Calculate 3 - ((3 - 10 - 7) + 2).
15
(2 + -15 - (267 + -309)) + -5
24
Evaluate 1 + (-7 - (27 + -25)).
-8
Evaluate 22 - (3 - (16 - 17)).
18
What is the value of (-1 - 4 - 3) + 0 + 22 + 3?
17
Evaluate 51 - 23 - 22 - (-6 + 0).
12
Evaluate (-8 - 4) + 4 - (8 + -1).
-15
What is the value of -11 - (-22 + -1 - -16)?
-4
What is the value of 10 + -6 - (8 + -6 + -8 + 10)?
0
Evaluate -10 + -3 + 1 - -6.
-6
196 + -194 - (-3 + -2 + 4 + -3)
6
Evaluate (-2 - -1) + -4 + (-103 - (-23 - 79)).
-6
What is the value of (1 - -29) + 1 - 26?
5
(-54 - -51) + 2 + 13 + 3
15
What is -1 + 14 + 0 + -9 + 2 + 5?
11
What is -2 + 26 + -14 + 24?
34
Evaluate (-4 - 14) + (25 - 18) + 1.
-10
(6 - (14 - 5) - -4) + -1 + 18
18
What is -7 - (3 + -1 + 2 + (-10 - -5))?
-6
Evaluate 6 - (-1 + (-3 - 1)).
11
Calculate 31 - (-6 + 14 - -39).
-16
What is the value of -4 + -1 - ((0 - 11) + (-51 - -46))?
11
Evaluate -2 - 38 - (430 + -450).
-20
What is (17 - (11 + 19)) + 7 + -2?
-8
What is (-2 + (-3 - -8) - -3) + (31 - 23)?
14
What is -9 + (18 - (-12 + (19 - 3)))?
5
(-11 - (-37 + 20)) + -12
-6
What is the value of -3 + 3 + (0 - -4) - (-24 + 22)?
6
Evaluate -20 - (-20 - -20 - 22).
2
Calculate -4 - (0 - -10 - (-9 - (-15 - -5))).
-13
Calculate ((-11 - 1) + 20 - 15) + -7.
-14
What is the value of 29 - (11 + 1 - -9)?
8
(-1 - 16) + -5 + 16 - -4
-2
What is the value of -12 - (11 + (-57 - -29))?
5
Evaluate -29 + 34 - (1 + 2 + 1).
1
What is the value of -32 + 22 - (-1 + (-8 - -7) - 6)?
-2
Evaluate -44 + (3 + -2 - (-32 + (0 - -22))).
-33
Evaluate (-77 - -38) + (0 - -25).
-14
Calculate (-11 - -5) + (-30 - -40).
4
Calculate -4 + -1 + (8 - (-22 - (2 - 6))).
21
5 + (10 + (12 - 0 - 9) - -4)
22
What is the value of (16 + 2 + -7 - -7) + -7?
11
Evaluate 0 - (-42 + 54 - (1 + 1)).
-10
Evaluate (-7 - -1) + (32 - (24 - (29 + -18))).
13
Calculate (-4 - 16) + (15 - -1) + -10.
-14
(8 - 4) + -15 + -4 + 3
-12
7 - (-11 + 9 + -8 + 9)
8
What is -20 + (-13 - -6 - -12 - 3 - 3)?
-21
1 - (1 + -9 - (-7 + 1))
3
What is 2 - (2 + (-15 - -6) + 15) - -14?
8
Calculate -2 + -3 + (-4 - -16) + -5 - -4.
6
Evaluate 5 + 2 + -14 + (3 - 2).
-6
Evaluate 10 - ((2 - (19 - 7)) + 0).
20
Calculate (31 - 45) + 11 + 0.
-3
Evaluate (11 - 1) + -67 + (10 - -70).
23
What is the value of -3 + (-10 + -8 - -14)?
-7
Calculate 38 + -1 + 90 + -96 - (13 + -9).
27
Evaluate 2 - -2 - (66 + (-76 - -18)).
-4
What is the value of -7 + -2 + (-1 + 5 - 5) + 9?
-1
Calculate 34 + 42 + -21 + -19.
36
(16 - (-16 + 22) - 9) + -7
-6
Calculate -107 + 55 + 0 + 15 - -12.
-25
What is (-16 - 1) + -2532 + 2555?
6
What is the value of (9 - -13) + -4 + (-9 - -5)?
14
Calculate 7 + (-27 - -16) + (-2 - (-4 + -5)).
3
Evaluate 7 + 1 + (3 - 3) - (0 - -19).
-11
Evaluate -9 + 0 + 8 - (6 - 14).
7
Calculate (4 - (-1 - (-9 - 1))) + (139 - 141).
-7
Evaluate (17 - -28 - 4) + -22.
19
Evaluate 3 - (4 + -8) - (3 + -3 - 0).
7
25 + (-8 + -5 + 16 - 15)
13
Calculate -1 + -11 + 13 + -12 + (-112 - -124).
1
What is (3 - -6) + (9 + -7 - 12)?
-1
What is the value of (12 - (5 + 19)) + (27 - -2)?
17
What is the value of (15 - -2) + (5 - 1) + -24 + 14?
11
What is the value of 4 + -8 + (-3 - (3 + -2 + 2))?
-10
What is the value of (858 - 871) + (-2 - -3) + 9?
-3
What is (-7 - (2 - 12)) + -4 + -15?
-16
Evalu